 7 = 4*q. What is the tens digit of (6/4)/(q/20)?
1
Suppose -4*y + 0*b = 4*b - 16, 0 = y + 2*b - 4. Suppose -21 = y*z + 3. What is the units digit of (-2 + (-32)/z)*3?
0
Let z(h) = -h**2 - h + 12. Let p be z(-5). What is the units digit of ((-2)/(-2))/(p/(-224))?
8
What is the units digit of (-196)/(-6) + (-2)/3?
2
What is the units digit of (-4)/4*3 - -180?
7
Let q(j) be the third derivative of j**6/120 - j**5/12 - j**4/4 + j**3 + 6*j**2. What is the units digit of q(6)?
6
Suppose -6*r = 2*r - 552. What is the units digit of r?
9
Let y(x) be the second derivative of -x**3/6 - 3*x. Let n be y(-1). Suppose -2*p + n = -7. What is the units digit of p?
4
Let c(b) = -b**2 - 17*b + 5. What is the tens digit of c(-13)?
5
Let n be (-1)/1*(1 + 39). Let w = -28 - n. What is the units digit of w?
2
Let i(f) = 28*f**3 + 2*f**2 + f - 2. What is the hundreds digit of i(2)?
2
Let n(o) be the first derivative of 3*o**2 + 2. What is the units digit of n(1)?
6
Let i = -4 + 12. Let w = i - -3. What is the units digit of w?
1
Let u be ((-2)/(-2))/((-1)/(-3)). Suppose -8*c + u*c + 15 = 0. What is the units digit of c?
3
Let n = -25 + 27. Suppose 2*t = 2*i + n, 5*i + 2*t - 35 = -3*t. What is the units digit of i?
3
Suppose 5*q - 3*t - 21 = 0, -3*q + q = 3*t - 21. Let v be 2/q*0/5. Suppose 0 = -v*l - 2*l + 6. What is the units digit of l?
3
Suppose 27 = -5*o + 147. What is the units digit of o?
4
Let q(u) = -12*u + 8. What is the tens digit of q(-4)?
5
Let v be (-2)/10 - (-255)/25. Let j(t) = 6*t**3 + 2*t**2 + 2*t + 1. Let x be j(-1). Let m = x + v. What is the units digit of m?
5
Let v be ((-22)/2)/(-3 + 2). Suppose -3*n + 4*r = -0*r - v, n = 5*r. What is the units digit of n?
5
Suppose 4*m + m = 120. What is the tens digit of m?
2
Suppose c + 18 = 2*i + i, -i - 8 = 2*c. Let y be 12/2*(-2)/c. Suppose 0 = -y*k + 4*k - 6. What is the units digit of k?
3
Suppose 75 = 3*c - 6. What is the units digit of c?
7
Let z(w) be the third derivative of -w**6/120 - w**4/12 - w**3/3 - w**2. What is the tens digit of z(-2)?
1
Let v(h) = h**3 - 8*h**2 - 19*h + 12. What is the units digit of v(10)?
2
Suppose v + 2*v + 1 = -t, -4*t - 3*v + 23 = 0. Suppose -t = j - 5*j. Let h = 8 - j. What is the units digit of h?
6
What is the hundreds digit of (6 - 6) + 0 + (287 - -1)?
2
Suppose 3*d - 6 = 3*f, 2*f + 8 = d + 3*d. Suppose -6 = 5*m - 2*a - 48, -44 = -4*m - a. Suppose f*q = -2*q + m. What is the units digit of q?
5
Let d = 18 + -12. Suppose -a - d = -3*a. Suppose -2*m + 6*m = -a*o - 8, 8 = 4*m - o. What is the units digit of m?
1
Let t be 4/(-18) - 16/(-72). Suppose -5*g - 10 + 265 = 5*j, t = 4*g - 2*j - 216. What is the units digit of g?
3
Let y be (-6 + 4)*(-98)/4. Suppose 4*i - i - 63 = -3*n, y = 4*n - 3*i. What is the units digit of n?
6
Suppose 4*i + 2*p - 26 = 0, 5*p = -3*i + 4*p + 22. Let v(k) = 5*k - 2*k - 2*k + 12. What is the units digit of v(i)?
1
Suppose 0 = 2*u - 5*u + 9. Suppose 5*q + 6 = u*q. What is the tens digit of 5*(2/10 - q)?
1
Let c(l) = 1. Let u = 7 - 13. Let g(a) = 2*a + 8. Let z(x) = u*c(x) + g(x). What is the units digit of z(4)?
0
Suppose 3*v - o - 88 = 0, 3*v - 118 = -5*o - 0*o. What is the tens digit of v?
3
Let l(w) be the first derivative of -w**4/4 + 5*w**3/3 - 3*w**2/2 - w - 4. What is the units digit of l(4)?
3
Let f = 5 + -12. Let l = 9 + f. Suppose 7*x = l*x + 50. What is the tens digit of x?
1
Suppose 2*u + 58 = -2*k, 28 - 88 = 2*k + 3*u. Let d = -14 - k. What is the tens digit of d?
1
Let l(h) = -h**2 + 28*h - 18. What is the hundreds digit of l(12)?
1
Suppose 2*z = -3*z + 255. What is the units digit of z?
1
Let y(a) be the third derivative of -a**5/60 + 5*a**4/24 + a**3/2 - a**2. Let p be y(-4). What is the units digit of (-105)/p + (-4)/22?
3
Let m(r) be the first derivative of -6*r**2 - r - 1. What is the units digit of m(-1)?
1
Suppose -36 = -3*q + 4*o, 0*o = 4*o - 12. Suppose -3*y - 7 = 2*f, 5*f - 3*f - y = 13. Suppose -f*n + 2*n = -q. What is the units digit of n?
8
Let u(a) = a**2 - a + 3. Let d be u(7). Suppose 2*w = -0*w - 5*x + d, -5*x = 3*w - 55. What is the units digit of w?
0
Let o = 25 - 14. Suppose 3*w + 12 = 3*n + 3, -4*n + 7 = w. Suppose -o - 9 = -n*b. What is the tens digit of b?
1
Suppose -25 = -5*g + 3*o - 4*o, 0 = -3*g - o + 17. Suppose 5*y = 3 - 13. What is the units digit of ((-2)/g)/(y/32)?
8
Suppose 0 = -4*v + 18 - 2. Let q be (-8)/v*(0 + -1). Suppose -7*o = -q*o - 10. What is the units digit of o?
2
Let y = -18 + 13. Let n = y + 5. Suppose 3*i + 1 - 4 = n, g - 4*i - 1 = 0. What is the units digit of g?
5
Let x(u) = -u. Let v(k) = 3*k**2 - k - 1. Let z be v(2). Let c be x(z). What is the units digit of (-6)/(-27) - 7/c?
1
Let u = 10 - -173. What is the hundreds digit of u?
1
Suppose -11 = -4*r + 5. Suppose 3*n + n = 0, r*i = 3*n + 100. What is the tens digit of i?
2
Let b(y) = y**3 - 7*y**2 + 6*y + 5. Let r be b(6). Suppose 3*p = -v + r, 2*v - 30 - 13 = 5*p. Let l = v - 5. What is the units digit of l?
9
Let i = -17 - -11. What is the tens digit of ((-66)/i)/(2/4)?
2
Let r(s) = 0*s - s**2 + 4*s + 5*s - 7 + 3. What is the tens digit of r(6)?
1
Suppose 0 = 3*c - 5*u - 1 - 4, -4*c - 3*u = -26. Let j = 189 - 125. Suppose c*w + 9 = j. What is the units digit of w?
1
Let o(b) = -32*b - 3. Let q be o(-2). Let l = 104 - q. What is the units digit of l?
3
Let i(s) = s**3 - 6*s**2 + 6*s - 3. Let m be i(5). Let u be (4/(-10))/(m/(-10)). Suppose -10 = -3*x - u*x. What is the units digit of x?
2
Suppose 0 = 7*h - 4*h. Suppose 0*l = 2*t - 4*l - 14, h = -4*t + 4*l + 28. What is the units digit of t?
7
Let m = 15 + -7. What is the units digit of m?
8
Let g(l) = -l**3 + l - 3. What is the tens digit of g(-4)?
5
Let y(s) = -s**3 - 5*s**2 + 2*s + 4. Let w be y(-6). What is the units digit of w/8 + (-3)/2?
2
Let p(j) = -j**3 + 3*j**2 + 1. Let v be p(3). Let q = 40 + -4. What is the units digit of v*2*q/8?
9
Let k(o) = 3*o**2 + 6*o + 6. What is the units digit of k(-6)?
8
Let t(f) = 2*f - 1. What is the units digit of t(6)?
1
Let q = 10 + -8. Suppose q*o + 2*j = 6 + 4, 10 = 4*o - j. What is the units digit of o?
3
Let f(t) be the first derivative of t**3/6 + 2*t - 2. Let j(d) be the first derivative of f(d). What is the units digit of j(2)?
2
Let n = -50 - -84. Let h = n - 4. What is the tens digit of h?
3
Let n be (-1 - 1) + 20/10. Let c(j) be the first derivative of j**2/2 + 6*j - 1. What is the units digit of c(n)?
6
Let y be (4/(-14))/((-3)/42). Let i(c) = -c**3 + 5*c**2 + 3*c - 3. What is the tens digit of i(y)?
2
Let k be (0 + (-4)/6)*-15. Suppose n = -0*n + k. What is the units digit of n?
0
Suppose -4*s = -p - 1 - 2, -2*s - 65 = 3*p. Let w = 43 + p. What is the tens digit of w?
2
Suppose 4*x - 3 = -2*w - 1, 5*x = -5. Suppose -w*m + 32 = m. What is the units digit of 4/16 + 38/m?
5
Let c = 0 + -1. Let y be ((-33)/(-3)*c)/1. Let g(q) = -q. What is the tens digit of g(y)?
1
Let i be 0 - 5/((-10)/36). What is the units digit of i/3 + (-2)/(-1)?
8
Let h = 17 - -25. What is the tens digit of h?
4
Suppose 0 = 4*t + 3*l - 4, -5 = -2*t + 3*l + 15. Suppose h + 78 = 5*c, -h + 74 = t*c + 4*h. What is the tens digit of c?
1
Suppose 2*z - 232 = -2*c - 88, -72 = -z + 2*c. Suppose 4*j - z = j. What is the units digit of j?
4
Suppose -10*i - 264 = -13*i. What is the units digit of i?
8
Let q = 54 - 29. What is the tens digit of q?
2
Let m = 776 + -409. What is the units digit of m?
7
Let l = 197 + -140. Let w be 1/(-6) + l/18. Suppose w*g - 7 = -4. What is the units digit of g?
1
Let c be 78/5 - (-9)/(-15). Let h(x) = 2*x**2 - 3*x + 1. Let j be h(-3). Let b = j - c. What is the units digit of b?
3
Let i = 20 - -14. What is the tens digit of i?
3
Suppose -2*g - 6 = -2*v, g - 33 = 2*v - 7*v. Suppose 2*c + 4*x - 48 = -v, -3*x - 11 = -c. What is the units digit of c?
7
Let k = 2 - 3. Let w be 6/(((-6)/4)/1). Let x = k - w. What is the units digit of x?
3
What is the units digit of (-2)/(-7) - (-76)/28?
3
Let i(j) = -1 + 10*j**2 + 3*j - 4*j + j. Let z be i(-1). What is the units digit of z/2 - (-1)/(-2)?
4
What is the tens digit of 14/1 + 0 + 4 + -1?
1
Let n(y) = 3*y**2 + 1. Let v(c) = -c**2 + 9*c - 4. Let k be v(8). Let h = 3 - k. What is the units digit of n(h)?
4
Suppose -3*l = 2*l - 40. Suppose -l*j + 45 = -3*j. Suppose j*a - 4*a = 4*r - 41, -4*r +